8. Let b be j(0). Suppose -3*l + 4 = 7, -b = -4*d + 4*l. What is the remainder when d is divided by 16?
15
Let a(r) = 45*r - 3. Let j be a(2). Suppose m + 2*m - j = 0. Calculate the remainder when m is divided by 35*(-8)/(112/(-6)).
14
Calculate the remainder when 75 is divided by (51 - -1)*(14/2)/14.
23
Suppose 3*m - 10 = m. Suppose q = -5*c - 0*c + 11, -m*q - 1 = -3*c. Suppose 0 = 3*t - 8 + 2. Calculate the remainder when t is divided by c.
0
Let p(j) = -j + 16. Let a be p(9). Suppose -h - a = -24. Calculate the remainder when 49 is divided by h.
15
Let j = 7 + -2. Suppose -j*f - 2*z = -18, -5*f + 5*z - 10 = -0*z. Calculate the remainder when f is divided by 2.
0
Suppose 4*x - 94 - 70 = 0. Calculate the remainder when x is divided by 21.
20
Suppose 3*w + w = -12. Let b = 0 + w. Calculate the remainder when 49 is divided by 17*b*(-3)/9.
15
Suppose -b = -4*a + 11, -6*b - 2*a - 11 = -b. Let z(y) = 4*y + 6. Calculate the remainder when z(6) is divided by b + (-2)/((-4)/38).
14
Let l(m) = -19*m. Calculate the remainder when l(-2) is divided by 20.
18
Suppose 2*m = -0*f - f - 3, 0 = 4*f + 2*m - 12. Suppose -4*o - 2*k + 42 = 0, 4*o - f*k = 2*o + 27. What is the remainder when 32 is divided by o?
10
Suppose -o + 12 = -5*o, -3*o = -4*u + 65. Suppose 52 = 6*m - u. Calculate the remainder when m is divided by 6.
5
Suppose n = -2*n + 6. Let f(r) = 12*r**2 - 4*r + 2. What is the remainder when f(n) is divided by 15?
12
Let x = 172 + -58. Suppose 20 = -3*h + 8*h. Suppose s + x = h*s. Calculate the remainder when s is divided by 13.
12
Let g(v) = 2*v**3 + 11*v**2 + v - 8. Calculate the remainder when 45 is divided by g(-5).
9
Suppose 2*t = -3*s + 271, 0*s - 2*s = 4*t - 194. Let k = -53 + s. Calculate the remainder when k is divided by 12.
10
Let o(v) = 12*v + 1. What is the remainder when 51 is divided by o(1)?
12
Let j(c) = 4*c**2 + 2*c - 4. Let b be j(2). Let l(h) = -h**2 + 19*h + 9. Let a(z) = 9*z - 3. What is the remainder when l(b) is divided by a(2)?
12
Suppose 3*q - 1 = h, 5*q - 4*h + 2*h = 0. Suppose 2*m - 2 + 4 = 0, 5*f = -q*m + 98. What is the remainder when 39 is divided by f?
19
Suppose 0*g - 2*g - n = -35, 5*n - 25 = 0. What is the remainder when 66 is divided by g?
6
Suppose -4*i + i + 12 = 0. Suppose 0 = 5*o + g - 3*g - 35, i*g = 5*o - 25. What is the remainder when o is divided by 5?
4
Suppose -3*m + m = -5*p + 9, 15 = 5*m. Suppose -p*w - 12 = -3*q - 3, -q + 3 = 5*w. What is the remainder when 4 is divided by q?
1
Suppose -151 = -3*o - 55. Calculate the remainder when 123 is divided by o.
27
Let p be 0 - 0*2/(-6). Suppose p = 2*z - 0*z - 20. Calculate the remainder when z is divided by 4.
2
Let s(i) = i**2 - 4*i - 24. Calculate the remainder when s(13) is divided by 24.
21
What is the remainder when -2 + (-4)/((-12)/27) is divided by 4?
3
Suppose -y - 4*r - 17 = 0, 3*r = 5*y + 5*r - 5. Suppose -k = 4*k - 20. Calculate the remainder when k is divided by y.
1
Let j(o) = 12 + o - 14*o - 5. Let s be j(6). Let q = 99 + s. What is the remainder when q is divided by 15?
13
Suppose -4 = z - 2*z, -s = z - 105. What is the remainder when s is divided by 26?
23
Let y be 12/(-1 + -2 + 5). Suppose 5*x - 211 = -f + 27, -2*f + y = 0. Calculate the remainder when x is divided by 16.
15
Calculate the remainder when 6 - (-2)/4*2 is divided by 3.
1
Let d = 3 - -3. Let x be ((-140)/(-7))/((-1)/11). What is the remainder when (x/(-15))/((-4)/(-6)) is divided by d?
4
Let r(m) = 11*m**2 - 2*m + 1. Let q be r(2). Let f = q - 27. What is the remainder when 53 is divided by f?
11
Let q = 3 + 2. Suppose -q*d + 20 = -z + 6*z, -z - 14 = -5*d. Suppose -9 = d*a, 0 = -2*x + 5*a + 5 + 26. What is the remainder when x is divided by 3?
2
Let y = -103 + 153. What is the remainder when y is divided by 13?
11
What is the remainder when 30 - 25 - -79*2 is divided by 34?
27
Let o = 96 - 49. Calculate the remainder when o is divided by 24.
23
Let z = 4 + -11. Let v(j) be the second derivative of -j**4/12 - 3*j**3/2 - 3*j**2/2 + j. Calculate the remainder when v(z) is divided by 6.
5
Let n be (1 - 1)/(-2) + 1. Suppose -g - n = -2*g. Let d(t) = t - 10. Calculate the remainder when d(13) is divided by g.
0
Calculate the remainder when ((-352)/40)/((-2)/10) is divided by 12.
8
Suppose 5*z = 2*r + 164, 5*z + 2*r - 98 = 78. Let w(x) = -3*x. What is the remainder when z is divided by w(-4)?
10
Let w(a) = 3*a + 3*a - 3*a**2 + 2 + 0*a. Let n be w(-4). Let s = -24 - n. Calculate the remainder when s is divided by 24.
22
Let i(n) = n**2 - 15*n - 20. Calculate the remainder when 101 is divided by i(18).
33
Let r(n) = n - 6. Let c be r(-6). What is the remainder when (316/c)/(2/(-6)) is divided by 27?
25
Let t(n) = n**2 - 9*n + 6. Let l be t(10). Suppose 0*w + l = w. Calculate the remainder when 30 is divided by w.
14
Let j be (-1)/((-1)/28*-1). Let f = j - -70. Calculate the remainder when f is divided by 15.
12
Suppose -9 = -3*n, 0 = -4*z - 0*z - 3*n + 73. What is the remainder when z is divided by 10?
6
Suppose 0 = i - 5, m - 5*i = 3*m - 47. Calculate the remainder when m is divided by (-224)/(-35) + 6/10.
4
Let i be (0 + -2 + 7)/1. Let s = i - 1. Suppose 0 = v - s - 15. What is the remainder when v is divided by 7?
5
Suppose -3*j + 75 = 27. Suppose -4*d = 3*a - j, 2*d + 10 = 5*a - 2*a. Calculate the remainder when a is divided by 3.
1
Suppose 0 = 4*y - d - 137, y - 4*d = -2*d + 43. Calculate the remainder when y is divided by 18.
15
Let v = -19 - -33. Calculate the remainder when v is divided by 10.
4
Suppose -4*w = -34 - 26. Calculate the remainder when (w/4)/(2/8) is divided by 8.
7
Let y = 5 + -3. Suppose -f + y*f + 116 = 3*z, -2*z + 2*f = -76. Let g = -20 + z. Calculate the remainder when 36 is divided by g.
17
Let g(c) = c**3 + c + 21. Let r be g(0). Suppose -2*o + 6 = -f + r, -2*o + 8 = 0. Let j = -11 - -24. Calculate the remainder when f is divided by j.
10
Suppose -5 + 1 = r. What is the remainder when -4 - ((-4 - -6) + -32) is divided by r/10 + 94/10?
8
Let u = 106 + -99. Calculate the remainder when u is divided by 2.
1
Let d = -11 - -16. Suppose -2*a + 4*k + 37 = k, 0 = a + k - 11. Calculate the remainder when a is divided by d.
4
Let i(h) = 3*h + 7. Let v be (-2 + -1)/((-2)/24). Suppose 4*b - v = b. Calculate the remainder when i(5) is divided by b.
10
Suppose 0*q = q - 23. What is the remainder when 90 is divided by q?
21
Let x = 66 + 23. What is the remainder when x is divided by 23?
20
Let q(h) = -9*h - 45. Calculate the remainder when q(-10) is divided by 23.
22
Let m = 140 - 125. Suppose 3*j - 109 = -5*t, 0 = 2*j - 5*t + 73 - 179. Calculate the remainder when j is divided by m.
13
Let t(p) = -6*p - 34. Let j(k) = 2*k. Let l be j(-1). What is the remainder when t(-9) is divided by 70/6 - l/(-3)?
9
Suppose -2*t + g + 172 = t, 120 = 2*t - 2*g. Suppose -4*q + 3*i + 85 = 0, 0*i = -q - i + 16. What is the remainder when t is divided by q?
18
Let q be (86/3)/((-6)/9). Let u = q - -62. Calculate the remainder when 36 is divided by u.
17
Let s = 59 - 27. Let y = -15 - -108. Calculate the remainder when y is divided by s.
29
Let z = -31 + 45. Suppose -i + 17 = -z. Let b = -6 + 17. Calculate the remainder when i is divided by b.
9
Let p = 1 - 3. Let b be p/7 - (-354)/14. Let k = 1 + b. What is the remainder when k is divided by 14?
12
Calculate the remainder when 27 is divided by (72/(-45))/(2/(-20)).
11
Let s be 6/(-9) + (-119)/(-3). Suppose 2*x - s = -1. Suppose -5*z = 4*f - 21 - 25, -3*z - 2*f + 28 = 0. Calculate the remainder when x is divided by z.
9
Let z(m) = 15*m**2 + 9*m + 1. What is the remainder when z(-3) is divided by 56?
53
Suppose 72 = 5*k + k. What is the remainder when 45 is divided by k?
9
Let y = -16 + 23. Let r = y - 4. Let u = 6 + -4. Calculate the remainder when r is divided by u.
1
Calculate the remainder when (-9)/((-27)/(-60))*8/(-10) is divided by 5.
1
Suppose 4*x - 100 = -0*x. Suppose -2*o + 0*o = -26. What is the remainder when x is divided by o?
12
Suppose -4*l + 4 = 0, 0*a - 4*l - 53 = -3*a. Calculate the remainder when 55 is divided by a.
17
Let l = -56 + 73. What is the remainder when l is divided by 6?
5
Calculate the remainder when 128/1 - (-6 + 9) is divided by 32.
29
What is the remainder when 216/6 + 1 + 2 is divided by 14?
11
Suppose s + 13 